{"id":32,"date":"2022-10-10T12:18:42","date_gmt":"2022-10-10T10:18:42","guid":{"rendered":"http:\/\/ragdolls-traumauge.de\/?page_id=32"},"modified":"2024-06-01T08:07:09","modified_gmt":"2024-06-01T06:07:09","slug":"meine-zucht","status":"publish","type":"page","link":"https:\/\/ragdolls-traumauge.de\/?page_id=32","title":{"rendered":"Meine kleine Hobby-Zucht"},"content":{"rendered":"<p><span style=\"color: #ffffff;\">.<\/span><\/p>\n\n\n<div class=\"wp-block-media-text alignwide is-stacked-on-mobile\"><figure class=\"wp-block-media-text__media\"><img loading=\"lazy\" decoding=\"async\" width=\"1024\" height=\"964\" src=\"https:\/\/ragdolls-traumauge.de\/wp-content\/uploads\/2022\/10\/logo2-1024x964.jpeg\" alt=\"\" class=\"wp-image-31 size-full\" srcset=\"https:\/\/ragdolls-traumauge.de\/wp-content\/uploads\/2022\/10\/logo2-1024x964.jpeg 1024w, https:\/\/ragdolls-traumauge.de\/wp-content\/uploads\/2022\/10\/logo2-300x282.jpeg 300w, https:\/\/ragdolls-traumauge.de\/wp-content\/uploads\/2022\/10\/logo2-768x723.jpeg 768w, https:\/\/ragdolls-traumauge.de\/wp-content\/uploads\/2022\/10\/logo2-1536x1446.jpeg 1536w, https:\/\/ragdolls-traumauge.de\/wp-content\/uploads\/2022\/10\/logo2.jpeg 2048w\" sizes=\"auto, (max-width: 1024px) 100vw, 1024px\" \/><\/figure><div class=\"wp-block-media-text__content\">\n<p><strong>Mein Ziel ist es, die urspr\u00fcngliche typenvolle Ragdoll mit ihren blauen Augen zu erhalten.<\/strong><br><br><strong>Ich werde Ragdolls nur in den urspr\u00fcnglichen vier Farben in Seal, Blue, Chokolate und Lilac sowie in den drei Varianten Colourpoint, Bicolour und Mitted z\u00fcchten.<\/strong><br><br><strong>Meine Zuchttiere sind bereits auf alle g\u00e4ngigen m\u00f6glichen Krankheiten wie HCM, PKD, PRA, FelV, FiV, negativ getestet worden und wurden zudem auf HCM &amp; PKD negativ geschallt.<br><\/strong><br><strong>Sie besitzen hervorragende voll nachvollziehbare Stammb\u00e4ume (nach der Genetikkarte von Denny Dayton) vom FIFe mit Echtheitszertifikat als Originale Ragdoll vom Verein der Originalen Ragdoll.<\/strong><\/p>\n<\/div><\/div>\n\n\n<p><span style=\"color: #ffffff;\">.<\/span><\/p>\n<p><span style=\"color: #ffffff;\">.<\/span><\/p>","protected":false},"excerpt":{"rendered":"<p>. Mein Ziel ist es, die urspr\u00fcngliche typenvolle Ragdoll mit ihren blauen Augen zu erhalten. Ich werde Ragdolls nur in den urspr\u00fcnglichen vier Farben in Seal, Blue, Chokolate und Lilac sowie in den drei Varianten Colourpoint, Bicolour und Mitted z\u00fcchten. Meine Zuchttiere sind bereits auf alle g\u00e4ngigen m\u00f6glichen Krankheiten wie HCM, PKD, PRA, FelV, FiV, [&hellip;]<\/p>\n","protected":false},"author":1,"featured_media":0,"parent":0,"menu_order":0,"comment_status":"closed","ping_status":"closed","template":"","meta":{"footnotes":""},"class_list":["post-32","page","type-page","status-publish","hentry"],"_links":{"self":[{"href":"https:\/\/ragdolls-traumauge.de\/index.php?rest_route=\/wp\/v2\/pages\/32","targetHints":{"allow":["GET"]}}],"collection":[{"href":"https:\/\/ragdolls-traumauge.de\/index.php?rest_route=\/wp\/v2\/pages"}],"about":[{"href":"https:\/\/ragdolls-traumauge.de\/index.php?rest_route=\/wp\/v2\/types\/page"}],"author":[{"embeddable":true,"href":"https:\/\/ragdolls-traumauge.de\/index.php?rest_route=\/wp\/v2\/users\/1"}],"replies":[{"embeddable":true,"href":"https:\/\/ragdolls-traumauge.de\/index.php?rest_route=%2Fwp%2Fv2%2Fcomments&post=32"}],"version-history":[{"count":10,"href":"https:\/\/ragdolls-traumauge.de\/index.php?rest_route=\/wp\/v2\/pages\/32\/revisions"}],"predecessor-version":[{"id":984,"href":"https:\/\/ragdolls-traumauge.de\/index.php?rest_route=\/wp\/v2\/pages\/32\/revisions\/984"}],"wp:attachment":[{"href":"https:\/\/ragdolls-traumauge.de\/index.php?rest_route=%2Fwp%2Fv2%2Fmedia&parent=32"}],"curies":[{"name":"wp","href":"https:\/\/api.w.org\/{rel}","templated":true}]}}